sands digit of 13838?
1
What is the tens digit of 52564?
6
What is the units digit of 901?
1
What is the units digit of 32716?
6
What is the thousands digit of 2219?
2
What is the units digit of 564?
4
What is the units digit of 621?
1
What is the tens digit of 2324?
2
What is the tens digit of 9367?
6
What is the hundreds digit of 36546?
5
What is the hundreds digit of 6782?
7
What is the tens digit of 2560?
6
What is the units digit of 53240?
0
What is the ten thousands digit of 43514?
4
What is the tens digit of 2994?
9
What is the ten thousands digit of 21579?
2
What is the hundreds digit of 35956?
9
What is the units digit of 3263?
3
What is the units digit of 9420?
0
What is the hundreds digit of 20633?
6
What is the thousands digit of 2347?
2
What is the thousands digit of 10591?
0
What is the tens digit of 17658?
5
What is the units digit of 25056?
6
What is the thousands digit of 1946?
1
What is the tens digit of 2235?
3
What is the hundreds digit of 2622?
6
What is the tens digit of 50?
5
What is the hundreds digit of 1791?
7
What is the tens digit of 33671?
7
What is the tens digit of 16345?
4
What is the units digit of 59725?
5
What is the ten thousands digit of 86169?
8
What is the tens digit of 10742?
4
What is the thousands digit of 138485?
8
What is the tens digit of 7602?
0
What is the units digit of 41142?
2
What is the tens digit of 8216?
1
What is the hundreds digit of 12043?
0
What is the thousands digit of 2267?
2
What is the thousands digit of 1034?
1
What is the units digit of 145414?
4
What is the thousands digit of 1029?
1
What is the units digit of 223?
3
What is the units digit of 281?
1
What is the thousands digit of 54643?
4
What is the hundreds digit of 840?
8
What is the tens digit of 654?
5
What is the units digit of 2712?
2
What is the units digit of 6221?
1
What is the hundreds digit of 54161?
1
What is the thousands digit of 14840?
4
What is the hundreds digit of 289?
2
What is the thousands digit of 3058?
3
What is the units digit of 97402?
2
What is the tens digit of 11316?
1
What is the ten thousands digit of 14945?
1
What is the units digit of 17950?
0
What is the ten thousands digit of 16054?
1
What is the thousands digit of 2937?
2
What is the units digit of 57072?
2
What is the units digit of 77707?
7
What is the tens digit of 6254?
5
What is the hundreds digit of 9391?
3
What is the thousands digit of 3403?
3
What is the tens digit of 1279?
7
What is the hundreds digit of 19861?
8
What is the units digit of 4291?
1
What is the hundreds digit of 79907?
9
What is the ten thousands digit of 197777?
9
What is the ten thousands digit of 10721?
1
What is the hundreds digit of 5089?
0
What is the units digit of 20?
0
What is the units digit of 8899?
9
What is the tens digit of 3768?
6
What is the hundreds digit of 8449?
4
What is the thousands digit of 4658?
4
What is the thousands digit of 39322?
9
What is the units digit of 272?
2
What is the hundreds digit of 1505?
5
What is the tens digit of 1627?
2
What is the units digit of 2642?
2
What is the hundreds digit of 848?
8
What is the tens digit of 7200?
0
What is the hundreds digit of 6735?
7
What is the ten thousands digit of 35605?
3
What is the thousands digit of 2151?
2
What is the hundreds digit of 6245?
2
What is the units digit of 6346?
6
What is the thousands digit of 1231?
1
What is the hundreds digit of 36927?
9
What is the tens digit of 23859?
5
What is the tens digit of 8804?
0
What is the ten thousands digit of 33264?
3
What is the thousands digit of 1569?
1
What is the units digit of 7081?
1
What is the tens digit of 322?
2
What is the units digit of 8436?
6
What is the thousands digit of 2492?
2
What is the hundreds digit of 3249?
2
What is the thousands digit of 37231?
7
What is the ten thousands digit of 68180?
6
What is the tens digit of 129410?
1
What is the thousands digit of 1212?
1
What is the tens digit of 11155?
5
What is the tens digit of 24422?
2
What is the ten thousands digit of 30597?
3
What is the hundreds digit of 7625?
6
What is the thousands digit of 89897?
9
What is the hundreds digit of 2961?
9
What is the thousands digit of 60015?
0
What is the tens digit of 115996?
9
What is the units digit of 76052?
2
What is the hundreds digit of 231?
2
What is the units digit of 129220?
0
What is the thousands digit of 6830?
6
What is the units digit of 3832?
2
What is the ten thousands digit of 18238?
1
What is the hundreds digit of 942?
9
What is the hundreds digit of 5934?
9
What is the units digit of 38511?
1
What is the hundreds digit of 26002?
0
What is the thousands digit of 16253?
6
What is the thousands digit of 29983?
9
What is the tens digit of 389?
8
What is the ten thousands digit of 43302?
4
What is the thousands digit of 70617?
0
What is the ten thousands digit of 87543?
8
What is the hundreds digit of 737?
7
What is the hundred thousands digit of 128604?
1
What is the tens digit of 8362?
6
What is the units digit of 4325?
5
What is the ten thousands digit of 12911?
1
What is the tens digit of 49203?
0
What is the ten thousands digit of 75839?
7
What is the thousands digit of 1379?
1
What is the hundreds digit of 7091?
0
What is the hundreds digit of 3265?
2
What is the thousands digit of 8165?
8
What is the hundreds digit of 476?
4
What is the units digit of 5717?
7
What is the thousands digit of 58323?
8
What is the tens digit of 19192?
9
What is the units digit of 40418?
8
What is the ten thousands digit of 43059?
4
What is the tens digit of 12944?
4
What is the tens digit of 2859?
5
What is the thousands digit of 19956?
9
What is the hundred thousands digit of 114485?
1
What is the units digit of 8301?
1
What is the tens digit of 4303?
0
What is the thousands digit of 19611?
9
What is the ten thousands digit of 20340?
2
What is the hundreds digit of 1448?
4
What is the ten thousands digit of 83338?
8
What is the hundreds digit of 4217?
2
What is the ten thousands digit of 22853?
2
What is the units digit of 677?
7
What is the tens digit of 35787?
8
What is the units digit of 728?
8
What is the ten thousands digit of 49768?
4
What is the hundreds digit of 872?
8
What is the units digit of 400?
0
What is the hundreds digit of 719?
7
What is the tens digit of 132?
3
What is the units digit of 26167?
7
What is the hundreds digit of 14710?
7
What is the tens digit of 523?
2
What is the units digit of 4164?
4
What is the hundreds digit of 1537?
5
What is the hundreds digit of 15842?
8
What is the hundreds digit of 7255?
2
What is the thousands digit of 20703?
0
What is the thousands digit of 22838?
2
What is the hundreds digit of 1855?
8
What is the units digit of 137?
7
What is the units digit of 31803?
3
What is the units digit of 10112?
2
What is the tens digit of 24763?
6
What is the units digit of 47?
7
What is the thousands digit of 30548?
0
What is the units digit of 3962?
2
What is the hundreds digit of 2110?
1
What is the thousands digit of 46907?
6
What is the thousands digit of 7347?
7
What is the tens digit of 234?
3
What is the thousands digit of 1598?
1
What is the hundred thousands digit of 190568?
1
What is the units digit of 178958?
8
What is the thousands digit of 14778?
4
What is the hundreds digit of 32797?
7
What is the tens digit of 1364?
6
What is the tens digit of 55500?
0
What is the ten thousands digit of 64673?
6
What is the thousands digit of 35940?
5
What is the thousands digit of 9659?
9
What is the tens digit of 10247?
4
What is the thousands digit of 9760?
9
What is the units digit of 1443?
3
What is the units digit of 1668?
8
What is the ten thousands digit of 91762?
9
What is the thousands digit of 40101?
0
What is the ten thousands digit of 23748?
2
What is the hundreds digit of 5779?
7
What is the ten thousands digit of 13135?
1
What is the thousands digit of 6592?
6
What is the units digit of 5697?
7
What is the tens digit of 11758?
5
What is the hundreds digit of 3268?
2
What is the hundreds digit of 11608?
6
What is the tens digit of 1106?
0
What is the thousands digit of 16243?
6
What is the thousands digit of 20876?
0
What is the units digit of 41681?
1
What is the hundreds digit of 455?
4
What is the thousands digit of 30387?
0
What is the thousands digit of 7261?
7
What is